{"id":29,"date":"2016-05-04T14:06:43","date_gmt":"2016-05-04T12:06:43","guid":{"rendered":"http:\/\/www.sementiel.be\/?page_id=29"},"modified":"2026-02-12T14:42:15","modified_gmt":"2026-02-12T13:42:15","slug":"contact","status":"publish","type":"page","link":"https:\/\/www.sementiel.be\/?page_id=29","title":{"rendered":"Contact"},"content":{"rendered":"<p>Martine Rensonnet<\/p>\n<p>Rue du Marais 36\/1<\/p>\n<p>4500 Huy<\/p>\n<p>0485 83 71 15<\/p>\n<p><a href=\"mailto:martine.rensonnet@sementiel.be\" target=\"_blank\" rel=\"noopener noreferrer\">martine.rensonnet@sementiel.be<\/a><\/p>\n<p>Rejoignez-moi \u00e9galement sur <a href=\"https:\/\/www.facebook.com\/S\u00e9mentiel-508955512615928\/\" target=\"_blank\" rel=\"noopener noreferrer\">Facebook<\/a> et <a href=\"https:\/\/www.linkedin.com\/in\/martinerensonnet\" target=\"_blank\" rel=\"noopener noreferrer\">Linkedin<\/a><\/p>\n<p>Activit\u00e9 men\u00e9e depuis 2026 et h\u00e9berg\u00e9e depuis janvier 2026 au sein de Productions Associ\u00e9es Asbl &#8211; TVA BE0896755397<\/p>\n","protected":false},"excerpt":{"rendered":"<p>Martine Rensonnet Rue du Marais 36\/1 4500 Huy 0485 83 71 15 martine.rensonnet@sementiel.be Rejoignez-moi \u00e9galement sur Facebook et Linkedin Activit\u00e9 men\u00e9e depuis 2026 et h\u00e9berg\u00e9e depuis janvier 2026 au sein de Productions Associ\u00e9es Asbl &#8211; TVA BE0896755397<\/p>\n","protected":false},"author":1,"featured_media":0,"parent":0,"menu_order":9,"comment_status":"closed","ping_status":"closed","template":"","meta":[],"_links":{"self":[{"href":"https:\/\/www.sementiel.be\/index.php?rest_route=\/wp\/v2\/pages\/29"}],"collection":[{"href":"https:\/\/www.sementiel.be\/index.php?rest_route=\/wp\/v2\/pages"}],"about":[{"href":"https:\/\/www.sementiel.be\/index.php?rest_route=\/wp\/v2\/types\/page"}],"author":[{"embeddable":true,"href":"https:\/\/www.sementiel.be\/index.php?rest_route=\/wp\/v2\/users\/1"}],"replies":[{"embeddable":true,"href":"https:\/\/www.sementiel.be\/index.php?rest_route=%2Fwp%2Fv2%2Fcomments&post=29"}],"version-history":[{"count":7,"href":"https:\/\/www.sementiel.be\/index.php?rest_route=\/wp\/v2\/pages\/29\/revisions"}],"predecessor-version":[{"id":357,"href":"https:\/\/www.sementiel.be\/index.php?rest_route=\/wp\/v2\/pages\/29\/revisions\/357"}],"wp:attachment":[{"href":"https:\/\/www.sementiel.be\/index.php?rest_route=%2Fwp%2Fv2%2Fmedia&parent=29"}],"curies":[{"name":"wp","href":"https:\/\/api.w.org\/{rel}","templated":true}]}}